What is 924 (base 16) in base 11?
1838
What is 11330023 (base 4) in base 2?
101111100001011
Convert -32 (base 7) to base 10.
-23
1371e (base 15) to base 7
346535
-1022020 (base 3) to base 5
-12301
Convert 214 (base 9) to base 15.
ba
What is -2321 (base 5) in base 4?
-11100
What is 2011022 (base 3) in base 9?
2138
What is 100110001001110 (base 2) in base 16?
4c4e
Convert 2050 (base 8) to base 10.
1064
610d (base 14) to base 7
66416
5012 (base 8) to base 16
a0a
-2548 (base 10) to base 8
-4764
Convert 55210 (base 6) to base 8.
16726
What is -9 (base 14) in base 7?
-12
Convert 110232 (base 5) to base 2.
111011101001
What is -6b6 (base 15) in base 12?
-a69
What is 4115 (base 11) in base 15?
1941
1104 (base 12) to base 6
12404
313 (base 14) to base 15
2a5
-11000100100 (base 2) to base 4
-120210
-222 (base 12) to base 5
-2224
-10000100010 (base 2) to base 5
-13213
132422 (base 5) to base 3
21100121
Convert -647 (base 12) to base 4.
-32113
Convert 15415 (base 8) to base 10.
6925
179 (base 10) to base 5
1204
Convert -10212 (base 9) to base 8.
-15116
Convert 317 (base 8) to base 5.
1312
Convert 8932 (base 11) to base 13.
5487
Convert 1208 (base 14) to base 10.
3144
Convert 544345 (base 6) to base 10.
45065
a126 (base 11) to base 8
32223
What is 56427 (base 8) in base 3?
1012200122
What is -2103 (base 6) in base 9?
-573
-275 (base 11) to base 16
-144
-111a (base 14) to base 7
-11433
What is -27f7 (base 16) in base 14?
-3a2b
What is 85 (base 14) in base 6?
313
What is -725 (base 16) in base 8?
-3445
What is 101111011 (base 2) in base 7?
1051
Convert -3303 (base 15) to base 14.
-3d19
Convert -3380 (base 11) to base 9.
-6077
-1020001022 (base 3) to base 9
-36038
Convert 51323 (base 9) to base 10.
33798
What is -452 (base 15) in base 14?
-4db
-104413 (base 5) to base 6
-25141
What is -18f (base 16) in base 8?
-617
-1667 (base 10) to base 7
-4601
What is -27600 (base 8) in base 14?
-4608
Convert -22041 (base 13) to base 10.
-61569
1301223 (base 4) to base 11
5514
-115345 (base 6) to base 3
-112010002
What is 4931 (base 14) in base 15?
3bc3
What is f38 (base 16) in base 2?
111100111000
11521 (base 8) to base 13
2335
What is -ed4 (base 16) in base 14?
-1552
Convert -233520 (base 6) to base 8.
-47470
What is -27534 (base 8) in base 2?
-10111101011100
130041 (base 5) to base 16
139d
1202222 (base 3) to base 4
110033
What is 415043 (base 6) in base 8?
101343
158 (base 16) to base 2
101011000
What is 101132 (base 5) in base 15?
e97
Convert -10001111 (base 2) to base 9.
-168
Convert -35b2 (base 12) to base 8.
-13626
What is 134 (base 15) in base 8?
422
Convert 31600 (base 7) to base 10.
7840
-23440 (base 6) to base 15
-1023
-31205 (base 10) to base 13
-11285
What is -1101110001110101 (base 2) in base 7?
-323353
What is 33130231 (base 4) in base 6?
1204541
-731 (base 11) to base 5
-12011
Convert 43a (base 15) to base 16.
3bb
-36114 (base 10) to base 14
-d238
-10124 (base 7) to base 12
-1518
6130 (base 14) to base 13
77aa
Convert -503 (base 9) to base 11.
-341
-101012 (base 3) to base 6
-1135
Convert 431c (base 13) to base 14.
357a
-13231 (base 4) to base 12
-351
-11275 (base 8) to base 2
-1001010111101
Convert -2211 (base 3) to base 15.
-51
What is -6b3 (base 15) in base 9?
-2066
Convert 12457 (base 10) to base 6.
133401
What is -4033 (base 7) in base 10?
-1396
Convert 207 (base 11) to base 9.
306
-6667 (base 9) to base 5
-124141
2240 (base 6) to base 11
440
Convert 31340 (base 9) to base 6.
235443
-606 (base 10) to base 2
-1001011110
-10002 (base 5) to base 8
-1163
Convert -221232 (base 4) to base 11.
-2008
Convert 5d0 (base 15) to base 14.
6a4
-8512 (base 9) to base 10
-6248
What is 31ca (base 13) in base 11?
5227
What is 40135 (base 6) in base 15?
1848
What is -11101010 (base 3) in base 12?
-1a19
What is 1221110 (base 3) in base 4?
112020
14043 (base 5) to base 3
1120112
55a6 (base 12) to base 9
14010
104410 (base 5) to base 12
21aa
Convert -4a89 (base 15) to base 8.
-37007
What is 1c0c (base 16) in base 9?
10757
2024 (base 6) to base 14
240
What is -23067 (base 10) in base 5?
-1214232
What is 14a2 (base 12) in base 4?
211322
What is 23050 (base 7) in base 4?
1123222
Convert -22101 (base 4) to base 13.
-3b7
What is a951 (base 12) in base 13?
8638
-559 (base 15) to base 9
-1583
What is -536 (base 13) in base 3?
-1012222
Convert -1924 (base 10) to base 15.
-884
16197 (base 11) to base 12
11286
Convert 200330 (base 4) to base 15.
958
-11414 (base 5) to base 8
-1533
10131231 (base 4) to base 7
104211
What is 100011101111 (base 2) in base 13?
106c
What is -122a (base 11) in base 5?
-22410
Convert -44a (base 11) to base 14.
-2a6
-6460 (base 7) to base 11
-17a8
-31345 (base 6) to base 9
-5732
-463 (base 14) to base 3
-1012021
What is 21100 (base 5) in base 2?
10101111000
Convert -12b02 (base 15) to base 14.
-17b52
What is -2200223 (base 5) in base 9?
-56466
What is 374c (base 16) in base 6?
145312
-570 (base 13) to base 3
-1021200
What is -1243 (base 8) in base 15?
-300
Convert -6159 (base 12) to base 9.
-15456
-1100012 (base 4) to base 15
-17bb
-3126 (base 14) to base 8
-20416
Convert 10a6 (base 15) to base 5.
103111
Convert -3106 (base 10) to base 15.
-dc1
What is -6f68 (base 16) in base 12?
-14608
Convert 2222 (base 8) to base 4.
102102
Convert 1714 (base 10) to base 8.
3262
-3565 (base 9) to base 12
-164b
What is 1001332 (base 4) in base 14?
1778
-12 (base 8) to base 16
-a
What is 6a52 (base 11) in base 12?
5431
-55b (base 12) to base 8
-1427
What is -119a (base 11) in base 3?
-2010211
Convert -200 (base 11) to base 15.
-112
Convert 4503 (base 9) to base 12.
1b10
What is -302025 (base 6) in base 5?
-1230102
1101010000 (base 2) to base 8
1520
What is -32312 (base 7) in base 8?
-17555
-1110011101111 (base 2) to base 16
-1cef
-103 (base 8) to base 7
-124
Convert 107a2 (base 12) to base 5.
1144431
What is 12022 (base 4) in base 7?
1102
296 (base 12) to base 5
3102
What is 57 (base 15) in base 6?
214
Convert -212b (base 12) to base 5.
-104020
Convert 17433 (base 8) to base 3.
101220221
What is -771 (base 10) in base 7?
-2151
What is -38504 (base 9) in base 8?
-62504
47733 (base 9) to base 15
96e9
-6662 (base 9) to base 5
-124131
3a0 (base 15) to base 11
690
-12953 (base 11) to base 16
-4812
110110011111 (base 2) to base 11
2690
Convert -1011111111111 (base 2) to base 5.
-144033
290f (base 16) to base 11
7996
What is -3223100 (base 4) in base 14?
-56b6
What is -3210 (base 4) in base 11?
-198
Convert -1036 (base 7) to base 2.
-101110010
Convert -30a (base 11) to base 2.
-101110101
Convert a079 (base 12) to base 14.
648d
What is -7a65 (base 16) in base 2?
-111101001100101
8911 (base 10) to base 8
21317
3248 (base 13) to base 3
100120212
134405 (base 6) to base 4
3012011
Convert 222 (base 15) to base 13.
2b1
1001210211 (base 3) to base 13
9736
-1073 (base 9) to base 2
-1100011011
What is 2992 (base 16) in base 11?
7aa5
What is 52 (base 9) in base 6?
115
Convert 142 (base 15) to base 14.
167
-96 (base 11) to base 12
-89
Convert 11224 (base 5) to base 16.
32e
Convert 22402 (base 7) to base 4.
1120312
What is 31320 (base 4) in base 13?
534
What is -111010101 (base 2) in base 13?
-2a1
Convert 1100111100100100 (base 2) to base 9.
80660
What is -1000121201 (base 3) in base 7?
-112462
8a0 (base 12) to base 4
103320
13362 (base 12) to base 10
26426
3515 (base 6) to base 14
43d
-305354 (base 7) to base 5
-3133242
-1c98 (base 13) to base 10
-4350
Convert -c430 (base 14) to base 9.
-51264
3463 (base 7) to base 15
59a
100001111 (base 2) to base 10
271
1110101100100 (base 2) to base 12
4430
Convert -211 (base 6) to base 15.
-54
ab45 (base 14) to base 10
29657
616 (base 11) to base 2
1011100111
What is -4741 (base 8) in base 5?
-40104
What is -310 (base 11) in base 14?
-1ca
What is -1015 (base 6) in base 13?
-146
Convert aa2 (base 13) to base 8.
3436
18485 (base 10) to base 3
221100122
What is -37b5 (base 15) in base 12?
-6a52
281 (base 9) to base 3
22201
What is -1a (base 15) in base 10?
-25
308 (base 16) to base 12
548
What is -5808 (base 16) in base 15?
-6a26
What is 4219 (base 10) in base 12?
2537
What is -2440 (base 10) in base 8?
-4610
Convert -1178 (base 16) to base 4.
-1011320
What is 148c6 (base 14) in base 3?
2121010212
What is -12302 (base 7) in base 12?
-1a58
What is 159 (